{"id":1098,"date":"2018-03-12T22:39:49","date_gmt":"2018-03-12T22:39:49","guid":{"rendered":"http:\/\/kpdi.pl\/deutsch\/?page_id=1098"},"modified":"2019-07-01T11:05:08","modified_gmt":"2019-07-01T11:05:08","slug":"zamowienia-publiczne","status":"publish","type":"page","link":"https:\/\/kpdi.pl\/deutsch\/zamowienia-publiczne\/","title":{"rendered":"\u00d6ffentliche Vergaben"},"content":{"rendered":"<p><div class=\"fusion-fullwidth fullwidth-box fusion-builder-row-1 nonhundred-percent-fullwidth non-hundred-percent-height-scrolling\" style=\"background-color: rgba(255,255,255,0);background-position: center center;background-repeat: no-repeat;padding-top:0px;padding-right:0px;padding-bottom:0px;padding-left:0px;margin-bottom: 0px;margin-top: 0px;border-width: 0px 0px 0px 0px;border-color:#eae9e9;border-style:solid;\" ><div class=\"fusion-builder-row fusion-row\"><div class=\"fusion-layout-column fusion_builder_column fusion-builder-column-0 fusion_builder_column_1_1 1_1 fusion-one-full fusion-column-first fusion-column-last\" style=\"margin-top:0px;margin-bottom:20px;\"><div class=\"fusion-column-wrapper fusion-flex-column-wrapper-legacy\" style=\"background-position:left top;background-repeat:no-repeat;-webkit-background-size:cover;-moz-background-size:cover;-o-background-size:cover;background-size:cover;padding: 0px 0px 0px 0px;\"><div class=\"fusion-text fusion-text-1\"><h2><strong>\u00d6ffentliche Vergaben ist ein Bereich, wo die Rechtskanzlei KPDI eine langj\u00e4hrige Erfahrung ausweist.<\/strong><\/h2>\n<\/div><div class=\"fusion-sep-clear\"><\/div><div class=\"fusion-separator fusion-full-width-sep\" style=\"margin-left: auto;margin-right: auto;margin-top:10px;margin-bottom:40px;width:100%;\"><div class=\"fusion-separator-border sep-single sep-solid\" style=\"border-color:rgba(39,134,229,0.76);border-top-width:1px;\"><\/div><\/div><div class=\"fusion-sep-clear\"><\/div><div class=\"fusion-clearfix\"><\/div><\/div><\/div><\/div><\/div><div class=\"fusion-fullwidth fullwidth-box fusion-builder-row-2 nonhundred-percent-fullwidth non-hundred-percent-height-scrolling\" style=\"background-color: rgba(255,255,255,0);background-position: center center;background-repeat: no-repeat;padding-top:0px;padding-right:0px;padding-bottom:0px;padding-left:0px;margin-bottom: 0px;margin-top: 0px;border-width: 0px 0px 0px 0px;border-color:#eae9e9;border-style:solid;\" ><div class=\"fusion-builder-row fusion-row\"><div class=\"fusion-layout-column fusion_builder_column fusion-builder-column-1 fusion_builder_column_3_5 3_5 fusion-three-fifth fusion-column-first\" style=\"width:60%;width:calc(60% - ( ( 4% ) * 0.6 ) );margin-right: 4%;margin-top:0px;margin-bottom:20px;\"><div class=\"fusion-column-wrapper fusion-flex-column-wrapper-legacy\" style=\"background-position:left top;background-repeat:no-repeat;-webkit-background-size:cover;-moz-background-size:cover;-o-background-size:cover;background-size:cover;padding: 0px 0px 0px 0px;\"><div class=\"fusion-text fusion-text-2\"><p><strong>Wen beraten wir?<\/strong><\/p>\n<p>\u00d6ffentliche Vergaben verpflichten vor allem \u00f6ffentliche Rechtspersonen wie den Besteller, der zur Anwendung des Gesetzes und Organisation des Waren- und Dienstleistungserwerbs, gem\u00e4\u00df den bestimmten Verfahren, verpflichtet ist. Dies sind vor allem Organisationseinheiten der \u00f6ffentlichen Hand, der Selbstverwaltung und den zu ihnen geh\u00f6rigen Gesellschaften.<\/p>\n<p>Der Jurist unterst\u00fctzt aber auch den Ausf\u00fchrenden, der ein Angebot im \u00f6ffentlichen Vergabeverfahren abgibt. Den Ausf\u00fchrenden stehen schlie\u00dflich Rechtsschutzmittel zu, die eine gerechte Beurteilung der eingelegten Angebote sichern sollen.<\/p>\n<\/div><div class=\"fusion-clearfix\"><\/div><\/div><\/div><div class=\"fusion-layout-column fusion_builder_column fusion-builder-column-2 fusion_builder_column_2_5 2_5 fusion-two-fifth fusion-column-last\" style=\"width:40%;width:calc(40% - ( ( 4% ) * 0.4 ) );margin-top:0px;margin-bottom:20px;\"><div class=\"fusion-column-wrapper fusion-flex-column-wrapper-legacy\" style=\"background-position:left top;background-repeat:no-repeat;-webkit-background-size:cover;-moz-background-size:cover;-o-background-size:cover;background-size:cover;padding: 0px 0px 0px 0px;\"><span class=\" fusion-imageframe imageframe-none imageframe-1 hover-type-none\"><img decoding=\"async\" width=\"831\" height=\"550\" alt=\"ochrona praw autorskich\" title=\"law_post_5-compressor\" src=\"http:\/\/kpdi.pl\/wp-content\/uploads\/sites\/5\/2015\/07\/law_post_5-compressor.jpg\" class=\"img-responsive wp-image-960\"\/><\/span><div class=\"fusion-clearfix\"><\/div><\/div><\/div><\/div><\/div><div class=\"fusion-fullwidth fullwidth-box fusion-builder-row-3 nonhundred-percent-fullwidth non-hundred-percent-height-scrolling\" style=\"background-color: rgba(255,255,255,0);background-position: center center;background-repeat: no-repeat;padding-top:0px;padding-right:0px;padding-bottom:0px;padding-left:0px;margin-bottom: 0px;margin-top: 0px;border-width: 0px 0px 0px 0px;border-color:#eae9e9;border-style:solid;\" ><div class=\"fusion-builder-row fusion-row\"><div class=\"fusion-layout-column fusion_builder_column fusion-builder-column-3 fusion_builder_column_1_1 1_1 fusion-one-full fusion-column-first fusion-column-last\" style=\"margin-top:0px;margin-bottom:20px;\"><div class=\"fusion-column-wrapper fusion-flex-column-wrapper-legacy\" style=\"background-position:left top;background-repeat:no-repeat;-webkit-background-size:cover;-moz-background-size:cover;-o-background-size:cover;background-size:cover;padding: 0px 0px 0px 0px;\"><div class=\"fusion-text fusion-text-3\"><h3><strong>Worin besteht unsere Beratung?<\/strong><\/h3>\n<p>Wir beraten dem Besteller w\u00e4hrend der Erstellung der durch das Gesetzt \u00fcber die \u00f6ffentliche Vergabe verlangten Unterlagen. Der Rechtsberater unterst\u00fctz die Gestaltung der Spezifikation von Wesentlichen Bestellbedingungen (SIWZ), ber\u00e4t bei der Formulierung von Antworten auf die Fragen der Angebotsgeber, nimmt an der Kommission zur Beurteilung der Angebote teil. Dank der Beratung von Unternehmen aus dem Energiesektor organisieren wir auch Sektor- Bestellungen.<\/p>\n<p>In der Praxis vertreten wir auch Mandanten w\u00e4hrend der Etappe der Ausf\u00fchrung und Verrechnung des geschlossenen Vertrags gem\u00e4\u00df der durch das Gesetz \u00fcber \u00f6ffentliche Vergabe bestimmten Weise.<\/p>\n<p>Bei streitigen Situationen, f\u00fchren wir Verhandlungen und Mediationen durch, sowie stellen eine Vertretung beim Verfahren vor der Landesberufungskammer und Gerichten sicher.<\/p>\n<\/div><div class=\"fusion-clearfix\"><\/div><\/div><\/div><\/div><\/div><div class=\"fusion-fullwidth fullwidth-box fusion-builder-row-4 nonhundred-percent-fullwidth non-hundred-percent-height-scrolling\" style=\"background-color: rgba(255,255,255,0);background-position: center center;background-repeat: no-repeat;padding-top:0px;padding-right:0px;padding-bottom:0px;padding-left:0px;margin-bottom: 0px;margin-top: 0px;border-width: 0px 0px 0px 0px;border-color:#eae9e9;border-style:solid;\" ><div class=\"fusion-builder-row fusion-row\"><div class=\"fusion-layout-column fusion_builder_column fusion-builder-column-4 fusion_builder_column_3_5 3_5 fusion-three-fifth fusion-column-first\" style=\"width:60%;width:calc(60% - ( ( 4% ) * 0.6 ) );margin-right: 4%;margin-top:0px;margin-bottom:20px;\"><div class=\"fusion-column-wrapper fusion-flex-column-wrapper-legacy\" style=\"background-position:left top;background-repeat:no-repeat;-webkit-background-size:cover;-moz-background-size:cover;-o-background-size:cover;background-size:cover;padding: 0px 0px 0px 0px;\"><div class=\"fusion-text fusion-text-4\"><h3><strong>\u00d6ffentlichen Vergaben und unsere Erfahrung<\/strong><\/h3>\n<p>Die Kanzlei war u.a. Hauptberater beim Bau des Seekulturzentrums in Danzig. Wir haben die Vergabeunterlagen bearbeitet, darunter ein Vertragsentwurf, und haben die Investition bis zum Zeitpunkt der endg\u00fcltigen Abrechnung mit dem Generalunternehmer sowie der Mittlerinstitution f\u00fcr die Finanzierung (Norwegisches Finanzmechanismen) gef\u00fchrt. Die Investition wurde auf der Basis des FIDIC-Vertrags durchgef\u00fchrt.<\/p>\n<p>Wir besitzen ebenfalls eine langj\u00e4hrige Erfahrung bei der Beratung von Krankenh\u00e4usern, sowie Energieunternehmen, wo \u00f6ffentliche Vergaben im Bereich der \u201eSektor-Bestellung\u201d angepasst sind.<\/p>\n<\/div><div class=\"fusion-clearfix\"><\/div><\/div><\/div><div class=\"fusion-layout-column fusion_builder_column fusion-builder-column-5 fusion_builder_column_2_5 2_5 fusion-two-fifth fusion-column-last\" style=\"width:40%;width:calc(40% - ( ( 4% ) * 0.4 ) );margin-top:0px;margin-bottom:20px;\"><div class=\"fusion-column-wrapper fusion-flex-column-wrapper-legacy\" style=\"background-position:left top;background-repeat:no-repeat;-webkit-background-size:cover;-moz-background-size:cover;-o-background-size:cover;background-size:cover;padding: 0px 0px 0px 0px;\"><div class=\"fusion-sep-clear\"><\/div><div class=\"fusion-separator fusion-full-width-sep\" style=\"margin-left: auto;margin-right: auto;margin-top:10px;margin-bottom:10px;width:100%;\"><\/div><div class=\"fusion-sep-clear\"><\/div><span class=\" fusion-imageframe imageframe-none imageframe-2 hover-type-none\"><img decoding=\"async\" width=\"300\" height=\"169\" alt=\"zam\u00f3wienia publiczne\" title=\"zam\u00f3wienia publiczne\" src=\"http:\/\/kpdi.pl\/wp-content\/uploads\/sites\/5\/2018\/05\/zam\u00f3wienia-publiczne-300x169.jpg\" class=\"img-responsive wp-image-1719\" srcset=\"https:\/\/kpdi.pl\/deutsch\/wp-content\/uploads\/sites\/5\/2018\/05\/zam\u00f3wienia-publiczne-200x113.jpg 200w, https:\/\/kpdi.pl\/deutsch\/wp-content\/uploads\/sites\/5\/2018\/05\/zam\u00f3wienia-publiczne-400x225.jpg 400w, https:\/\/kpdi.pl\/deutsch\/wp-content\/uploads\/sites\/5\/2018\/05\/zam\u00f3wienia-publiczne-600x338.jpg 600w, https:\/\/kpdi.pl\/deutsch\/wp-content\/uploads\/sites\/5\/2018\/05\/zam\u00f3wienia-publiczne-800x450.jpg 800w, https:\/\/kpdi.pl\/deutsch\/wp-content\/uploads\/sites\/5\/2018\/05\/zam\u00f3wienia-publiczne-1200x675.jpg 1200w, https:\/\/kpdi.pl\/deutsch\/wp-content\/uploads\/sites\/5\/2018\/05\/zam\u00f3wienia-publiczne.jpg 4252w\" sizes=\"(max-width: 800px) 100vw, 600px\" \/><\/span><div class=\"fusion-clearfix\"><\/div><\/div><\/div><\/div><\/div><\/p>\n","protected":false},"excerpt":{"rendered":"","protected":false},"author":1,"featured_media":0,"parent":0,"menu_order":0,"comment_status":"closed","ping_status":"closed","template":"","meta":{"_exactmetrics_skip_tracking":false,"_exactmetrics_sitenote_active":false,"_exactmetrics_sitenote_note":"","_exactmetrics_sitenote_category":0,"footnotes":""},"class_list":["post-1098","page","type-page","status-publish","hentry"],"yoast_head":"<!-- This site is optimized with the Yoast SEO plugin v27.6 - https:\/\/yoast.com\/product\/yoast-seo-wordpress\/ -->\n<title>\u00d6ffentliche Vergaben - KPDI DE<\/title>\n<meta name=\"description\" content=\"Zam\u00f3wienia publiczne, w tym sektorowe. Doradzamy podmiotom obowi\u0105zanym do stosowania zam\u00f3wie\u0144 publicznych w przygotowywaniu SIWZ i organizacji post\u0119powa\u0144 o udzielenie zam\u00f3wienia. Reprezentujemy uczestnik\u00f3w post\u0119powa\u0144 przez Krajow\u0105 Izb\u0105 Odwo\u0142awcz\u0105 (KIO).\" \/>\n<meta name=\"robots\" content=\"index, follow, max-snippet:-1, max-image-preview:large, max-video-preview:-1\" \/>\n<link rel=\"canonical\" href=\"https:\/\/kpdi.pl\/deutsch\/zamowienia-publiczne\/\" \/>\n<meta property=\"og:locale\" content=\"de_DE\" \/>\n<meta property=\"og:type\" content=\"article\" \/>\n<meta property=\"og:title\" content=\"\u00d6ffentliche Vergaben - KPDI DE\" \/>\n<meta property=\"og:description\" content=\"Zam\u00f3wienia publiczne, w tym sektorowe. Doradzamy podmiotom obowi\u0105zanym do stosowania zam\u00f3wie\u0144 publicznych w przygotowywaniu SIWZ i organizacji post\u0119powa\u0144 o udzielenie zam\u00f3wienia. Reprezentujemy uczestnik\u00f3w post\u0119powa\u0144 przez Krajow\u0105 Izb\u0105 Odwo\u0142awcz\u0105 (KIO).\" \/>\n<meta property=\"og:url\" content=\"https:\/\/kpdi.pl\/deutsch\/zamowienia-publiczne\/\" \/>\n<meta property=\"og:site_name\" content=\"KPDI DE\" \/>\n<meta property=\"article:modified_time\" content=\"2019-07-01T11:05:08+00:00\" \/>\n<meta name=\"twitter:card\" content=\"summary_large_image\" \/>\n<meta name=\"twitter:label1\" content=\"Gesch\u00e4tzte Lesezeit\" \/>\n\t<meta name=\"twitter:data1\" content=\"7\u00a0Minuten\" \/>\n<script type=\"application\/ld+json\" class=\"yoast-schema-graph\">{\"@context\":\"https:\\\/\\\/schema.org\",\"@graph\":[{\"@type\":\"WebPage\",\"@id\":\"https:\\\/\\\/kpdi.pl\\\/deutsch\\\/zamowienia-publiczne\\\/\",\"url\":\"https:\\\/\\\/kpdi.pl\\\/deutsch\\\/zamowienia-publiczne\\\/\",\"name\":\"\u00d6ffentliche Vergaben - KPDI DE\",\"isPartOf\":{\"@id\":\"https:\\\/\\\/kpdi.pl\\\/deutsch\\\/#website\"},\"datePublished\":\"2018-03-12T22:39:49+00:00\",\"dateModified\":\"2019-07-01T11:05:08+00:00\",\"description\":\"Zam\u00f3wienia publiczne, w tym sektorowe. Doradzamy podmiotom obowi\u0105zanym do stosowania zam\u00f3wie\u0144 publicznych w przygotowywaniu SIWZ i organizacji post\u0119powa\u0144 o udzielenie zam\u00f3wienia. Reprezentujemy uczestnik\u00f3w post\u0119powa\u0144 przez Krajow\u0105 Izb\u0105 Odwo\u0142awcz\u0105 (KIO).\",\"breadcrumb\":{\"@id\":\"https:\\\/\\\/kpdi.pl\\\/deutsch\\\/zamowienia-publiczne\\\/#breadcrumb\"},\"inLanguage\":\"de\",\"potentialAction\":[{\"@type\":\"ReadAction\",\"target\":[\"https:\\\/\\\/kpdi.pl\\\/deutsch\\\/zamowienia-publiczne\\\/\"]}]},{\"@type\":\"BreadcrumbList\",\"@id\":\"https:\\\/\\\/kpdi.pl\\\/deutsch\\\/zamowienia-publiczne\\\/#breadcrumb\",\"itemListElement\":[{\"@type\":\"ListItem\",\"position\":1,\"name\":\"Strona g\u0142\u00f3wna\",\"item\":\"https:\\\/\\\/kpdi.pl\\\/deutsch\\\/\"},{\"@type\":\"ListItem\",\"position\":2,\"name\":\"\u00d6ffentliche Vergaben\"}]},{\"@type\":\"WebSite\",\"@id\":\"https:\\\/\\\/kpdi.pl\\\/deutsch\\\/#website\",\"url\":\"https:\\\/\\\/kpdi.pl\\\/deutsch\\\/\",\"name\":\"KPDI DE\",\"description\":\"Kancelaria Prawna Gda\u0144sk, obs\u0142uga prawna przedsi\u0119biorstw\",\"potentialAction\":[{\"@type\":\"SearchAction\",\"target\":{\"@type\":\"EntryPoint\",\"urlTemplate\":\"https:\\\/\\\/kpdi.pl\\\/deutsch\\\/?s={search_term_string}\"},\"query-input\":{\"@type\":\"PropertyValueSpecification\",\"valueRequired\":true,\"valueName\":\"search_term_string\"}}],\"inLanguage\":\"de\"}]}<\/script>\n<!-- \/ Yoast SEO plugin. -->","yoast_head_json":{"title":"\u00d6ffentliche Vergaben - KPDI DE","description":"Zam\u00f3wienia publiczne, w tym sektorowe. Doradzamy podmiotom obowi\u0105zanym do stosowania zam\u00f3wie\u0144 publicznych w przygotowywaniu SIWZ i organizacji post\u0119powa\u0144 o udzielenie zam\u00f3wienia. Reprezentujemy uczestnik\u00f3w post\u0119powa\u0144 przez Krajow\u0105 Izb\u0105 Odwo\u0142awcz\u0105 (KIO).","robots":{"index":"index","follow":"follow","max-snippet":"max-snippet:-1","max-image-preview":"max-image-preview:large","max-video-preview":"max-video-preview:-1"},"canonical":"https:\/\/kpdi.pl\/deutsch\/zamowienia-publiczne\/","og_locale":"de_DE","og_type":"article","og_title":"\u00d6ffentliche Vergaben - KPDI DE","og_description":"Zam\u00f3wienia publiczne, w tym sektorowe. Doradzamy podmiotom obowi\u0105zanym do stosowania zam\u00f3wie\u0144 publicznych w przygotowywaniu SIWZ i organizacji post\u0119powa\u0144 o udzielenie zam\u00f3wienia. Reprezentujemy uczestnik\u00f3w post\u0119powa\u0144 przez Krajow\u0105 Izb\u0105 Odwo\u0142awcz\u0105 (KIO).","og_url":"https:\/\/kpdi.pl\/deutsch\/zamowienia-publiczne\/","og_site_name":"KPDI DE","article_modified_time":"2019-07-01T11:05:08+00:00","twitter_card":"summary_large_image","twitter_misc":{"Gesch\u00e4tzte Lesezeit":"7\u00a0Minuten"},"schema":{"@context":"https:\/\/schema.org","@graph":[{"@type":"WebPage","@id":"https:\/\/kpdi.pl\/deutsch\/zamowienia-publiczne\/","url":"https:\/\/kpdi.pl\/deutsch\/zamowienia-publiczne\/","name":"\u00d6ffentliche Vergaben - KPDI DE","isPartOf":{"@id":"https:\/\/kpdi.pl\/deutsch\/#website"},"datePublished":"2018-03-12T22:39:49+00:00","dateModified":"2019-07-01T11:05:08+00:00","description":"Zam\u00f3wienia publiczne, w tym sektorowe. Doradzamy podmiotom obowi\u0105zanym do stosowania zam\u00f3wie\u0144 publicznych w przygotowywaniu SIWZ i organizacji post\u0119powa\u0144 o udzielenie zam\u00f3wienia. Reprezentujemy uczestnik\u00f3w post\u0119powa\u0144 przez Krajow\u0105 Izb\u0105 Odwo\u0142awcz\u0105 (KIO).","breadcrumb":{"@id":"https:\/\/kpdi.pl\/deutsch\/zamowienia-publiczne\/#breadcrumb"},"inLanguage":"de","potentialAction":[{"@type":"ReadAction","target":["https:\/\/kpdi.pl\/deutsch\/zamowienia-publiczne\/"]}]},{"@type":"BreadcrumbList","@id":"https:\/\/kpdi.pl\/deutsch\/zamowienia-publiczne\/#breadcrumb","itemListElement":[{"@type":"ListItem","position":1,"name":"Strona g\u0142\u00f3wna","item":"https:\/\/kpdi.pl\/deutsch\/"},{"@type":"ListItem","position":2,"name":"\u00d6ffentliche Vergaben"}]},{"@type":"WebSite","@id":"https:\/\/kpdi.pl\/deutsch\/#website","url":"https:\/\/kpdi.pl\/deutsch\/","name":"KPDI DE","description":"Kancelaria Prawna Gda\u0144sk, obs\u0142uga prawna przedsi\u0119biorstw","potentialAction":[{"@type":"SearchAction","target":{"@type":"EntryPoint","urlTemplate":"https:\/\/kpdi.pl\/deutsch\/?s={search_term_string}"},"query-input":{"@type":"PropertyValueSpecification","valueRequired":true,"valueName":"search_term_string"}}],"inLanguage":"de"}]}},"_links":{"self":[{"href":"https:\/\/kpdi.pl\/deutsch\/wp-json\/wp\/v2\/pages\/1098","targetHints":{"allow":["GET"]}}],"collection":[{"href":"https:\/\/kpdi.pl\/deutsch\/wp-json\/wp\/v2\/pages"}],"about":[{"href":"https:\/\/kpdi.pl\/deutsch\/wp-json\/wp\/v2\/types\/page"}],"author":[{"embeddable":true,"href":"https:\/\/kpdi.pl\/deutsch\/wp-json\/wp\/v2\/users\/1"}],"replies":[{"embeddable":true,"href":"https:\/\/kpdi.pl\/deutsch\/wp-json\/wp\/v2\/comments?post=1098"}],"version-history":[{"count":8,"href":"https:\/\/kpdi.pl\/deutsch\/wp-json\/wp\/v2\/pages\/1098\/revisions"}],"predecessor-version":[{"id":1879,"href":"https:\/\/kpdi.pl\/deutsch\/wp-json\/wp\/v2\/pages\/1098\/revisions\/1879"}],"wp:attachment":[{"href":"https:\/\/kpdi.pl\/deutsch\/wp-json\/wp\/v2\/media?parent=1098"}],"curies":[{"name":"wp","href":"https:\/\/api.w.org\/{rel}","templated":true}]}}